{"id":3,"date":"2019-07-17T00:03:05","date_gmt":"2019-07-16T22:03:05","guid":{"rendered":"https:\/\/artisansdufilm.com\/actu\/?page_id=3"},"modified":"2025-07-29T01:03:50","modified_gmt":"2025-07-28T23:03:50","slug":"politique-de-confidentialite","status":"publish","type":"page","link":"https:\/\/artisansdufilm.com\/site\/politique-de-confidentialite\/","title":{"rendered":"Mentions L\u00e9gales et RGPG"},"content":{"rendered":"\n<h2 class=\"wp-block-heading has-black-color has-text-color has-link-color wp-elements-fa81876d7efd34fdcadaf0492be11ecc\">Qui sommes-nous&nbsp;?<\/h2>\n\n\n\n<p class=\"has-black-color has-text-color has-link-color wp-elements-e7b45c2d6fa78e8e4d000fb4009929bb\">D\u00e9nomination : ARTISANS DU FILM<br>Si\u00e8ge social : 10 Rue Cavallotti, 75018 Paris<br>Contact : 09 61 69 17 73 contact@artisansdufilm.com<br>Forme Juridique : SAS SCOP<br>Montant du capital social : capital variable mi nimal de 45.000\u20ac<br>Propri\u00e9taire : Artisans du film<br>Cr\u00e9ateur du site : Simon Dupont-Gellert 2.13<br>Responsable publication : Artisans du Film<br>contact@artisansdufilm.com<br>Webmaster : Simon Dupont-Gellert :13 &#8211; simon@2points13.fr<br>H\u00e9bergeur : OVH<br>2 rue Kellermann 59100 Roubaix<br>Responsable du traitement des donn\u00e9es :13 &amp; Artisans du film<\/p>\n\n\n\n<div style=\"height:40px\" aria-hidden=\"true\" class=\"wp-block-spacer\"><\/div>\n\n\n\n<h2 class=\"wp-block-heading has-black-color has-text-color has-link-color wp-elements-5b17695d1fcfcdcceedaf48c402b84c6\">Gestion des cookies et protection des donn\u00e9es<\/h2>\n\n\n\n<p class=\"has-black-color has-text-color has-link-color wp-elements-375ca7cfddda3c8468f49f125f291d56\">Dans le cadre de notre engagement en faveur de la protection de votre vie priv\u00e9e, nous tenons \u00e0 vous informer que :<\/p>\n\n\n\n<ul class=\"wp-block-list\">\n<li class=\"has-black-color has-text-color has-link-color wp-elements-165404dedb0e33bba402a55c1cd7d3df\">Aucune donn\u00e9e \u00e0 caract\u00e8re personnel n&rsquo;est collect\u00e9e via ce site web<\/li>\n\n\n\n<li class=\"has-black-color has-text-color has-link-color wp-elements-96f729b3509f36ba7509bfae810ec20f\">Seules des statistiques de navigation anonymis\u00e9es sont recueillies pour nous permettre d&rsquo;analyser l&rsquo;audience et d&rsquo;optimiser l&rsquo;exp\u00e9rience utilisateur<\/li>\n\n\n\n<li class=\"has-black-color has-text-color has-link-color wp-elements-a4b7ca9376f7920e2163015c370bee70\">Ces donn\u00e9es agr\u00e9g\u00e9es ne permettent en aucun cas l&rsquo;identification des visiteurs<\/li>\n<\/ul>\n\n\n\n<p class=\"has-black-color has-text-color has-link-color wp-elements-c8fd415ed0042d4d10ec9203a63e7484\">Pour toute question relative \u00e0 notre politique de confidentialit\u00e9, n&rsquo;h\u00e9sitez pas \u00e0 nous contacter.<br>\u2212 Point de contact Protection des donn\u00e9es contact@artisansdufilm.com<\/p>\n","protected":false},"excerpt":{"rendered":"<p>Qui sommes-nous&nbsp;? D\u00e9nomination : ARTISANS DU FILMSi\u00e8ge social : 10 Rue Cavallotti, 75018 ParisContact : 09 61 69 17 73 contact@artisansdufilm.comForme Juridique : SAS SCOPMontant du capital social : capital variable mi nimal de 45.000\u20acPropri\u00e9taire : Artisans du filmCr\u00e9ateur du site : Simon Dupont-Gellert 2.13Responsable publication : Artisans du Filmcontact@artisansdufilm.comWebmaster : Simon Dupont-Gellert :13 &#8211; [&hellip;]<\/p>\n","protected":false},"author":1,"featured_media":0,"parent":0,"menu_order":0,"comment_status":"closed","ping_status":"closed","template":"","meta":{"inline_featured_image":false,"footnotes":""},"class_list":["post-3","page","type-page","status-publish","hentry","isotope-item"],"_links":{"self":[{"href":"https:\/\/artisansdufilm.com\/site\/wp-json\/wp\/v2\/pages\/3","targetHints":{"allow":["GET"]}}],"collection":[{"href":"https:\/\/artisansdufilm.com\/site\/wp-json\/wp\/v2\/pages"}],"about":[{"href":"https:\/\/artisansdufilm.com\/site\/wp-json\/wp\/v2\/types\/page"}],"author":[{"embeddable":true,"href":"https:\/\/artisansdufilm.com\/site\/wp-json\/wp\/v2\/users\/1"}],"replies":[{"embeddable":true,"href":"https:\/\/artisansdufilm.com\/site\/wp-json\/wp\/v2\/comments?post=3"}],"version-history":[{"count":7,"href":"https:\/\/artisansdufilm.com\/site\/wp-json\/wp\/v2\/pages\/3\/revisions"}],"predecessor-version":[{"id":1015,"href":"https:\/\/artisansdufilm.com\/site\/wp-json\/wp\/v2\/pages\/3\/revisions\/1015"}],"wp:attachment":[{"href":"https:\/\/artisansdufilm.com\/site\/wp-json\/wp\/v2\/media?parent=3"}],"curies":[{"name":"wp","href":"https:\/\/api.w.org\/{rel}","templated":true}]}}